{"id":6265,"date":"2018-01-05T10:37:56","date_gmt":"2018-01-05T09:37:56","guid":{"rendered":"http:\/\/ostomaz.splet.arnes.si\/?page_id=6265"},"modified":"2018-01-05T10:50:27","modified_gmt":"2018-01-05T09:50:27","slug":"projekti-ess-obdobje-operacije-pvs-obdobje-b","status":"publish","type":"page","link":"https:\/\/ostomaz.si\/?page_id=6265","title":{"rendered":"Projekti ESS &#8211; Obdobje operacije &#8220;PVS obdobje B&#8221;"},"content":{"rendered":"<p style=\"text-align: left\">\u00a0\u00a0\u00a0\u00a0\u00a0\u00a0\u00a0\u00a0<a href=\"http:\/\/ostomaz.splet.arnes.si\/files\/2018\/01\/RS.jpg\"><img loading=\"lazy\" decoding=\"async\" class=\"alignnone wp-image-6273\" src=\"http:\/\/ostomaz.splet.arnes.si\/files\/2018\/01\/RS-300x48.jpg\" alt=\"\" width=\"225\" height=\"36\" \/><\/a>\u00a0<a href=\"http:\/\/ostomaz.splet.arnes.si\/files\/2018\/01\/EU.jpg\"><img loading=\"lazy\" decoding=\"async\" class=\"alignnone wp-image-6269\" src=\"http:\/\/ostomaz.splet.arnes.si\/files\/2018\/01\/EU-300x130.jpg\" alt=\"\" width=\"172\" height=\"75\" srcset=\"https:\/\/ostomaz.si\/files\/2018\/01\/EU.jpg 300w, https:\/\/ostomaz.si\/files\/2018\/01\/EU-127x55.jpg 127w\" sizes=\"auto, (max-width: 172px) 100vw, 172px\" \/><\/a>\u00a0\u00a0<a href=\"http:\/\/ostomaz.splet.arnes.si\/files\/2018\/01\/sola.jpg\"><img loading=\"lazy\" decoding=\"async\" class=\"alignnone wp-image-6267\" src=\"http:\/\/ostomaz.splet.arnes.si\/files\/2018\/01\/sola-300x150.jpg\" alt=\"\" width=\"122\" height=\"61\" srcset=\"https:\/\/ostomaz.si\/files\/2018\/01\/sola-300x150.jpg 300w, https:\/\/ostomaz.si\/files\/2018\/01\/sola-110x55.jpg 110w, https:\/\/ostomaz.si\/files\/2018\/01\/sola.jpg 313w\" sizes=\"auto, (max-width: 122px) 100vw, 122px\" \/><\/a><\/p>\n<p>Program: Operativni program za izvajanje evropske kohezijske politike v obdobju 2014 \u2013 2020<\/p>\n<p><strong>Javni razpis: Prva zaposlitev: Pomo\u010dnik vzgojitelja sem 2017-2018<\/strong><\/p>\n<p>Obdobje operacije: \u00bbPVS obdobje B\u00ab<\/p>\n<p>O\u0160 Sveti Toma\u017e se je prijavila in bila uspe\u0161na na javnem razpisu za dodelitev sredstev \u00bbPrva zaposlitev: Pomo\u010dnik vzgojitelja sem 2017-2018 (PVS obdobje A), ki ga je Ministrstvo za izobra\u017eevanje, znanost in \u0161port v vlogi posredni\u0161kega organa skladno s slovensko kohezijsko uredbo, objavilo v Uradnem listu RS, \u0161t. 27\/2017, dne 2. 6. 2017. Operacijo delno financira Evropska unija iz Evropskega socialnega sklada in Ministrstvo za izobra\u017eevanje, znanost in \u0161port. Operacija se izvaja v okviru Operativnega programa za izvajanje evropske kohezijske politike v obdobju od 2014 do 2020, prednostna os: 8 \u00bbSpodbujanje zaposlovanja in transnacionalna mobilnost delovne sile\u00ab; prednostna nalo\u017eba: 8.2 \u00bbtrajnostna vklju\u010ditev mladih na trg dela (ESS), zlasti tistih, ki niso niti zaposleni niti vklju\u010deni v izobra\u017eevanje in usposabljanj, vklju\u010dno z mladimi, ki jim grozi socialna izklju\u010denost, in mladimi iz marginaliziranih skupnosti, tudi prek izvajanja jamstva za mlade\u00ab; specifi\u010dni cilj: 8.2.1 \u00bb Zni\u017eanje brezposelnosti mladih.\u00ab<\/p>\n<p>Zaposlena na projektnem delovnem mestu (pomo\u010dnik vzgojitelja za\u010detnik): Mihaela Cizerl<\/p>\n<p><em>Na\u010drt usposabljanja pomo\u010dnika vzgojitelja za\u010detnika bo temeljil na sledenju naslednjim ciljem:<\/em><\/p>\n<p><em>\u00a0<\/em><\/p>\n<ul>\n<li>Se odgovorno vklju\u010duje v \u017eivljenje in delo vrtca.<\/li>\n<li>Sprejme naloge, ki so ji zadane in jih vestno opravi.<\/li>\n<li>Upo\u0161teva in izhaja iz Kurikuluma za vrtce, se ga u\u010di uporabljati pri vzgojnem<\/li>\n<li>Pozna in upo\u0161teva ter razume\u00a0 razvojne zna\u010dilnosti<\/li>\n<li>S svojim vedenjem deluje v celoti spodbudno in pomirjujo\u010de \u2013 je zgled za otroke.<\/li>\n<li>Se zna ustrezno odzvati na otrokova vpra\u0161anja in jih pri tem spodbuja.<\/li>\n<li>Ima primeren odnos do star\u0161ev, zaposlenih, nadrejenih, upo\u0161teva pravice otrok, star\u0161ev, zna vzpostaviti stik.<\/li>\n<li>Se ustrezno pogovarja z otroki, ima prijeten odnos, uporablja knji\u017eni pogovorni jezik, se trudi v tej smeri.<\/li>\n<li>Sodeluje pri na\u010drtovanju, izvajanju vzgojnega dela. .<\/li>\n<li>Se zna samostojno organizirati in izvajati dejavnosti v koti\u010dkih.<\/li>\n<li>Dobro povezuje strokovno-teoreti\u010dna in prakti\u010dna znanja .<\/li>\n<li>V delo vklju\u010duje znanja iz razli\u010dnih podro\u010dij, obvladuje situacijo in postopoma ne potrebuje pomo\u010di.<\/li>\n<li>Je fleksibilna, se zna prilagoditi situaciji in je pri tem strokovna.<\/li>\n<li>Je sposobna sodelovati z drugimi, sprejemati kompromise.<\/li>\n<li>V delo vna\u0161a svoje ideje in je izvirna.<\/li>\n<li>Spodbuja ustvarjalnost pri otrocih, je inovativna.<\/li>\n<li>Sodeluje pri skupnih nalogah vrtca v skladu z letnim delovnim na\u010drtom<\/li>\n<li>Odgovorno skrbi za varnost otrok.<\/li>\n<\/ul>\n","protected":false},"excerpt":{"rendered":"<p>\u00a0\u00a0\u00a0\u00a0\u00a0\u00a0\u00a0\u00a0\u00a0\u00a0\u00a0 Program: Operativni program za [&hellip;]<\/p>\n","protected":false},"author":735,"featured_media":0,"parent":6261,"menu_order":0,"comment_status":"closed","ping_status":"closed","template":"","meta":{"ngg_post_thumbnail":0,"footnotes":""},"class_list":["post-6265","page","type-page","status-publish","hentry"],"_links":{"self":[{"href":"https:\/\/ostomaz.si\/index.php?rest_route=\/wp\/v2\/pages\/6265","targetHints":{"allow":["GET"]}}],"collection":[{"href":"https:\/\/ostomaz.si\/index.php?rest_route=\/wp\/v2\/pages"}],"about":[{"href":"https:\/\/ostomaz.si\/index.php?rest_route=\/wp\/v2\/types\/page"}],"author":[{"embeddable":true,"href":"https:\/\/ostomaz.si\/index.php?rest_route=\/wp\/v2\/users\/735"}],"replies":[{"embeddable":true,"href":"https:\/\/ostomaz.si\/index.php?rest_route=%2Fwp%2Fv2%2Fcomments&post=6265"}],"version-history":[{"count":6,"href":"https:\/\/ostomaz.si\/index.php?rest_route=\/wp\/v2\/pages\/6265\/revisions"}],"predecessor-version":[{"id":6289,"href":"https:\/\/ostomaz.si\/index.php?rest_route=\/wp\/v2\/pages\/6265\/revisions\/6289"}],"up":[{"embeddable":true,"href":"https:\/\/ostomaz.si\/index.php?rest_route=\/wp\/v2\/pages\/6261"}],"wp:attachment":[{"href":"https:\/\/ostomaz.si\/index.php?rest_route=%2Fwp%2Fv2%2Fmedia&parent=6265"}],"curies":[{"name":"wp","href":"https:\/\/api.w.org\/{rel}","templated":true}]}}

<p style="text-align: left">        <a href="http://ostomaz.splet.arnes.si/files/2018/01/RS.jpg"><img loading="lazy" decoding="async" class="alignnone wp-image-6273" src="http://ostomaz.splet.arnes.si/files/2018/01/RS-300x48.jpg" alt="" width="225" height="36" /></a> <a href="http://ostomaz.splet.arnes.si/files/2018/01/EU.jpg"><img loading="lazy" decoding="async" class="alignnone wp-image-6269" src="http://ostomaz.splet.arnes.si/files/2018/01/EU-300x130.jpg" alt="" width="172" height="75" srcset="https://ostomaz.si/files/2018/01/EU.jpg 300w, https://ostomaz.si/files/2018/01/EU-127x55.jpg 127w" sizes="auto, (max-width: 172px) 100vw, 172px" /></a>  <a href="http://ostomaz.splet.arnes.si/files/2018/01/sola.jpg"><img loading="lazy" decoding="async" class="alignnone wp-image-6267" src="http://ostomaz.splet.arnes.si/files/2018/01/sola-300x150.jpg" alt="" width="122" height="61" srcset="https://ostomaz.si/files/2018/01/sola-300x150.jpg 300w, https://ostomaz.si/files/2018/01/sola-110x55.jpg 110w, https://ostomaz.si/files/2018/01/sola.jpg 313w" sizes="auto, (max-width: 122px) 100vw, 122px" /></a></p>
<p>Program: Operativni program za izvajanje evropske kohezijske politike v obdobju 2014 – 2020</p>
<p><strong>Javni razpis: Prva zaposlitev: Pomočnik vzgojitelja sem 2017-2018</strong></p>
<p>Obdobje operacije: »PVS obdobje B«</p>
<p>OŠ Sveti Tomaž se je prijavila in bila uspešna na javnem razpisu za dodelitev sredstev »Prva zaposlitev: Pomočnik vzgojitelja sem 2017-2018 (PVS obdobje A), ki ga je Ministrstvo za izobraževanje, znanost in šport v vlogi posredniškega organa skladno s slovensko kohezijsko uredbo, objavilo v Uradnem listu RS, št. 27/2017, dne 2. 6. 2017. Operacijo delno financira Evropska unija iz Evropskega socialnega sklada in Ministrstvo za izobraževanje, znanost in šport. Operacija se izvaja v okviru Operativnega programa za izvajanje evropske kohezijske politike v obdobju od 2014 do 2020, prednostna os: 8 »Spodbujanje zaposlovanja in transnacionalna mobilnost delovne sile«; prednostna naložba: 8.2 »trajnostna vključitev mladih na trg dela (ESS), zlasti tistih, ki niso niti zaposleni niti vključeni v izobraževanje in usposabljanj, vključno z mladimi, ki jim grozi socialna izključenost, in mladimi iz marginaliziranih skupnosti, tudi prek izvajanja jamstva za mlade«; specifični cilj: 8.2.1 » Znižanje brezposelnosti mladih.«</p>
<p>Zaposlena na projektnem delovnem mestu (pomočnik vzgojitelja začetnik): Mihaela Cizerl</p>
<p><em>Načrt usposabljanja pomočnika vzgojitelja začetnika bo temeljil na sledenju naslednjim ciljem:</em></p>
<p><em> </em></p>
<ul>
<li>Se odgovorno vključuje v življenje in delo vrtca.</li>
<li>Sprejme naloge, ki so ji zadane in jih vestno opravi.</li>
<li>Upošteva in izhaja iz Kurikuluma za vrtce, se ga uči uporabljati pri vzgojnem</li>
<li>Pozna in upošteva ter razume  razvojne značilnosti</li>
<li>S svojim vedenjem deluje v celoti spodbudno in pomirjujoče – je zgled za otroke.</li>
<li>Se zna ustrezno odzvati na otrokova vprašanja in jih pri tem spodbuja.</li>
<li>Ima primeren odnos do staršev, zaposlenih, nadrejenih, upošteva pravice otrok, staršev, zna vzpostaviti stik.</li>
<li>Se ustrezno pogovarja z otroki, ima prijeten odnos, uporablja knjižni pogovorni jezik, se trudi v tej smeri.</li>
<li>Sodeluje pri načrtovanju, izvajanju vzgojnega dela. .</li>
<li>Se zna samostojno organizirati in izvajati dejavnosti v kotičkih.</li>
<li>Dobro povezuje strokovno-teoretična in praktična znanja .</li>
<li>V delo vključuje znanja iz različnih področij, obvladuje situacijo in postopoma ne potrebuje pomoči.</li>
<li>Je fleksibilna, se zna prilagoditi situaciji in je pri tem strokovna.</li>
<li>Je sposobna sodelovati z drugimi, sprejemati kompromise.</li>
<li>V delo vnaša svoje ideje in je izvirna.</li>
<li>Spodbuja ustvarjalnost pri otrocih, je inovativna.</li>
<li>Sodeluje pri skupnih nalogah vrtca v skladu z letnim delovnim načrtom</li>
<li>Odgovorno skrbi za varnost otrok.</li>
</ul>
