{"id":4115,"date":"2016-11-29T09:14:58","date_gmt":"2016-11-29T08:14:58","guid":{"rendered":"http:\/\/ostomaz.splet.arnes.si\/?page_id=4115"},"modified":"2017-05-15T09:51:19","modified_gmt":"2017-05-15T07:51:19","slug":"projekt-gocargo-201617","status":"publish","type":"page","link":"https:\/\/ostomaz.si\/?page_id=4115","title":{"rendered":"Projekt GoCarGo 2016\/17"},"content":{"rendered":"<div class=\"column column-medium\">\n<div class=\"widget\">\n<div class=\"post-content\">\n<p style=\"text-align: justify\">V sredo, 12. 10. 2016 smo imeli u\u010denci 8. a razreda tehni\u0161ki dan. Naslov tehni\u0161kega dne je bil Na\u010drtovanje avtomobila GoCarGo. Kako so ga u\u010denci do\u017eiveli, in kaj so novega spoznali pa v prispevku spodaj.<\/p>\n<p style=\"text-align: justify\">V sredo 12.10.2016 smo u\u010denci 8.razreda imeli tehni\u0161ki dan.Tehni\u0161ki dan se nam je za\u010del ob 8.15 uri in kon\u010dal ob 12.45. Tehni\u0161ki dan se mi je zdel super. Saj smo delali z ra\u010dunalniki predstavitve za avto\u00a0 Go-car-go.\u00a0 Ideje so bile dobre,\u00a0 ter\u00a0 lepe. Zato sem se te\u017eko odlo\u010dila. Na koncu smo izbirali med dvema idejama \u2013\u00a0 PANDAMOBILOM in CHEESECAR. Iz\u017erebali smo,\u00a0 da bomo na GO-CAR-GO imeli avtomobil\u010dka CHEESECAR. Dobili smo tudi zadol\u017eitve, kaj mora kdo narediti\u00a0 pri izdelavi avtomobil\u010dka.<\/p>\n<p style=\"text-align: justify\">Sara P., Ela<\/p>\n<p style=\"text-align: justify\"><a href=\"http:\/\/ostomaz.splet.arnes.si\/files\/2016\/10\/Slika4.png\"><img loading=\"lazy\" decoding=\"async\" class=\" size-medium wp-image-3930 aligncenter\" src=\"http:\/\/ostomaz.splet.arnes.si\/files\/2016\/10\/Slika4-223x300.png\" alt=\"Slika4\" width=\"223\" height=\"300\" srcset=\"https:\/\/ostomaz.si\/files\/2016\/10\/Slika4-223x300.png 223w, https:\/\/ostomaz.si\/files\/2016\/10\/Slika4-41x55.png 41w, https:\/\/ostomaz.si\/files\/2016\/10\/Slika4-470x632.png 470w, https:\/\/ostomaz.si\/files\/2016\/10\/Slika4.png 569w\" sizes=\"auto, (max-width: 223px) 100vw, 223px\" \/><\/a><\/p>\n<p style=\"text-align: justify\">Danes smo preko ra\u010dunalnika risali gokarte. Delali smo v dvojicah ali skupinah po tri. Predstavili smo predstavitve v Powerpointu. Najprej smo narisali na\u0161 gokart na papirju ali s pomo\u010djo programa slikar. Izglasovali smo avto in\u00a0 poslikali izdelke. Izbirali smo med Pandamobilom in Cheese carom. Na koncu smo se odlo\u010dili za cheese car. Imeli smo se zelo lepo.\u00a0 Na koncu pa smo razdelili zadol\u017eitve pri izdelavi.<\/p>\n<p style=\"text-align: justify\">Gabriela in Anja<\/p>\n<p style=\"text-align: justify\"><a href=\"http:\/\/ostomaz.splet.arnes.si\/files\/2016\/10\/Slika7.png\"><img loading=\"lazy\" decoding=\"async\" class=\" size-medium wp-image-3933 aligncenter\" src=\"http:\/\/ostomaz.splet.arnes.si\/files\/2016\/10\/Slika7-300x192.png\" alt=\"Slika7\" width=\"300\" height=\"192\" srcset=\"https:\/\/ostomaz.si\/files\/2016\/10\/Slika7-300x192.png 300w, https:\/\/ostomaz.si\/files\/2016\/10\/Slika7-86x55.png 86w, https:\/\/ostomaz.si\/files\/2016\/10\/Slika7-470x301.png 470w, https:\/\/ostomaz.si\/files\/2016\/10\/Slika7-100x65.png 100w, https:\/\/ostomaz.si\/files\/2016\/10\/Slika7.png 900w\" sizes=\"auto, (max-width: 300px) 100vw, 300px\" \/><\/a><\/p>\n<p style=\"text-align: justify\">Danes smo imeli tehni\u0161ki dan in bilo je zelo super,\u00a0 saj smo lahko delali v dvojicah. Najprej smo izdelali na\u010drte za Go car Go in predstavili ideje, s katerimi bi avtomobil izdelali. Izdelali sva PANDAMOBIL. Avtomobil je \u010drno, bele barve in ima spredaj glavo pande. Skoraj sva zmagali a na koncu sta naju za en glasna premagala Nejc Pevec in Nejc Bec. Bilo je zelo zabavno in ustvarjalno.<\/p>\n<p style=\"text-align: justify\">Nika in Monika<\/p>\n<p style=\"text-align: justify\"><a href=\"http:\/\/ostomaz.splet.arnes.si\/files\/2016\/10\/Slika6.png\"><img loading=\"lazy\" decoding=\"async\" class=\" size-medium wp-image-3932 aligncenter\" src=\"http:\/\/ostomaz.splet.arnes.si\/files\/2016\/10\/Slika6-300x169.png\" alt=\"Slika6\" width=\"300\" height=\"169\" srcset=\"https:\/\/ostomaz.si\/files\/2016\/10\/Slika6-300x169.png 300w, https:\/\/ostomaz.si\/files\/2016\/10\/Slika6-98x55.png 98w, https:\/\/ostomaz.si\/files\/2016\/10\/Slika6-470x265.png 470w, https:\/\/ostomaz.si\/files\/2016\/10\/Slika6.png 1002w\" sizes=\"auto, (max-width: 300px) 100vw, 300px\" \/><\/a><\/p>\n<p style=\"text-align: justify\">V sredo 12.10.2016 smo imeli u\u010denci 8 razreda tehni\u0161ki dan. Zbirali smo ideje za avtomobil Go car go.V skupinah smo bili po tri ali dva,\u00a0 ter naredili na\u010drt.Vsaka skupina je predstavila svojo idejo.\u00a0 Vsi smo imeli zelo dobre ideje,\u00a0 ampak morali smo se odlo\u010diti za enega. Glasovali smo med Pandamobilom in Cheescarjem. Na koncu je zmagal Cheescar,\u00a0 kar pomeni,\u00a0 da ga bomo izdelali za tekmovanje na Ptuju. Idejo za Cheescar sta si izmislila Nejc Bec in Nejc Pevec. Njuna ideja se nam je zdela dobra,\u00a0 vendar nama je bila bolj\u0161a Pandamobil. Na tehni\u0161kem dnevu je bilo zelo v redu,\u00a0 saj smo se tudi zabavali in se veliko nau\u010dili.<\/p>\n<p style=\"text-align: justify\">Sara, Sta\u0161a, Karin<\/p>\n<p style=\"text-align: justify\"><a href=\"http:\/\/ostomaz.splet.arnes.si\/files\/2016\/10\/Slika8.png\"><img loading=\"lazy\" decoding=\"async\" class=\" size-medium wp-image-3934 aligncenter\" src=\"http:\/\/ostomaz.splet.arnes.si\/files\/2016\/10\/Slika8-209x300.png\" alt=\"Slika8\" width=\"209\" height=\"300\" srcset=\"https:\/\/ostomaz.si\/files\/2016\/10\/Slika8-209x300.png 209w, https:\/\/ostomaz.si\/files\/2016\/10\/Slika8-38x55.png 38w, https:\/\/ostomaz.si\/files\/2016\/10\/Slika8-470x675.png 470w, https:\/\/ostomaz.si\/files\/2016\/10\/Slika8.png 486w\" sizes=\"auto, (max-width: 209px) 100vw, 209px\" \/><\/a><\/p>\n<p style=\"text-align: justify\">Ta dan je bil zelo zanimiv, saj smo dajali svoje ideje za avtomobil\u010dek, katerega bomo izdelali in z njim tekmovali na tekmovanju Go car go. Na za\u010detku smo na list ali na ra\u010dunalni\u0161ki program na\u010drtovali avtomobil\u010dek, ga pobarvali in opisali. Ogledali smo si tudi kratek posnetek od tekmovanja Go car go in pogledali avtomobil\u010dke od prej\u0161njih let. V predstavitvi smo tudi morali na\u0161teti potrebne materiale in opisati, kako bomo avtomobil\u010dek izdelali. Medtem ko so eni po\u010divali ali delali nekaj drugega, so drugi imeli domiselne ideje ter jih predstavili. Avtomobil\u010dki so bili zelo lepi,\u00a0 ter imeli\u00a0 domiselna imena. Na koncu smo \u0161e glasovali in izbran je bil avtomobil\u010dek Cheese car.\u00a0 Medtem so se nekateri u\u010denci\u00a0 veselili, drugi niso prenesli poraza. Ampak do novega leto bodo \u017ee pozabili!<\/p>\n<p style=\"text-align: justify\">Jan Toplak, \u017diga Vla\u0161i\u010d, Tilen Breznik<\/p>\n<p style=\"text-align: justify\"><a href=\"http:\/\/ostomaz.splet.arnes.si\/files\/2016\/10\/Slika9.png\"><img loading=\"lazy\" decoding=\"async\" class=\" size-medium wp-image-3935 aligncenter\" src=\"http:\/\/ostomaz.splet.arnes.si\/files\/2016\/10\/Slika9-300x178.png\" alt=\"Slika9\" width=\"300\" height=\"178\" srcset=\"https:\/\/ostomaz.si\/files\/2016\/10\/Slika9-300x178.png 300w, https:\/\/ostomaz.si\/files\/2016\/10\/Slika9-1024x608.png 1024w, https:\/\/ostomaz.si\/files\/2016\/10\/Slika9-93x55.png 93w, https:\/\/ostomaz.si\/files\/2016\/10\/Slika9-470x279.png 470w, https:\/\/ostomaz.si\/files\/2016\/10\/Slika9.png 1367w\" sizes=\"auto, (max-width: 300px) 100vw, 300px\" \/><\/a><\/p>\n<div style=\"text-align: justify\">Danes smo imeli tehni\u0161ki dan. Delali smo avto GO CAR GO. Delali smo v skupinah. Vsaka skupina si je izbrala ime avta, ga narisala in predstavila. Potem je potekala predstavitev skupin, nato pa \u0161e glasovanje.\u00a0Kar nekaj avtov je bilo dobrih. Midva sva naredila CHEESE CAR. Zelo sva bila vesela, saj smo izglasovali ravno najin avto. Pri glasovanju\u00a0 je bilo zelo napeto,\u00a0 saj je ravno zadnji glas odlo\u010di zmagovalca. Bilo je zelo zabavno.<\/div>\n<div style=\"text-align: justify\">Nejc B., Nejc P.<\/div>\n<div><a href=\"http:\/\/ostomaz.splet.arnes.si\/files\/2016\/10\/Slika5.jpg\"><img loading=\"lazy\" decoding=\"async\" class=\" size-medium wp-image-3931 aligncenter\" src=\"http:\/\/ostomaz.splet.arnes.si\/files\/2016\/10\/Slika5-300x209.jpg\" alt=\"Slika5\" width=\"300\" height=\"209\" srcset=\"https:\/\/ostomaz.si\/files\/2016\/10\/Slika5-300x209.jpg 300w, https:\/\/ostomaz.si\/files\/2016\/10\/Slika5-1024x712.jpg 1024w, https:\/\/ostomaz.si\/files\/2016\/10\/Slika5-79x55.jpg 79w, https:\/\/ostomaz.si\/files\/2016\/10\/Slika5-470x327.jpg 470w, https:\/\/ostomaz.si\/files\/2016\/10\/Slika5.jpg 1236w\" sizes=\"auto, (max-width: 300px) 100vw, 300px\" \/><\/a><\/div>\n<\/div>\n<div style=\"text-align: justify\"><\/div>\n<div style=\"text-align: justify\">Danes smo izdelovali na\u010drte za avto Go car go. Imeli smo veliko idej. Najprej smo avteke na\u010drtovali, jih predstavili in na koncu izglasovali najbolj\u0161ega. Glasovanje je bilo napeto.\u00a0 Zmagal avto z imenom Chessecar. Imeli smo se zelo lepo. Napisali smo tudi prispevke za spletno stran. Upamo, da bomo uspeli na Ptuju.<\/div>\n<div style=\"text-align: justify\">Jan in Alen<\/div>\n<div style=\"text-align: justify\"><a href=\"http:\/\/ostomaz.splet.arnes.si\/files\/2016\/10\/Slika1.jpg\"><img loading=\"lazy\" decoding=\"async\" class=\" size-medium wp-image-3927 aligncenter\" src=\"http:\/\/ostomaz.splet.arnes.si\/files\/2016\/10\/Slika1-300x209.jpg\" alt=\"Slika1\" width=\"300\" height=\"209\" srcset=\"https:\/\/ostomaz.si\/files\/2016\/10\/Slika1-300x209.jpg 300w, https:\/\/ostomaz.si\/files\/2016\/10\/Slika1-1024x714.jpg 1024w, https:\/\/ostomaz.si\/files\/2016\/10\/Slika1-79x55.jpg 79w, https:\/\/ostomaz.si\/files\/2016\/10\/Slika1-470x328.jpg 470w, https:\/\/ostomaz.si\/files\/2016\/10\/Slika1.jpg 1039w\" sizes=\"auto, (max-width: 300px) 100vw, 300px\" \/><\/a><\/div>\n<div style=\"text-align: justify\">\u00a0 \u00a0 \u00a0 \u00a0 \u00a0 \u00a0 \u00a0 \u00a0 \u00a0 \u00a0 \u00a0 \u00a0 \u00a0 \u00a0 \u00a0 \u00a0 \u00a0 \u00a0\u00a0 <a href=\"http:\/\/ostomaz.splet.arnes.si\/files\/2016\/10\/Slika10.jpg\"><img loading=\"lazy\" decoding=\"async\" class=\" size-medium wp-image-3936 aligncenter\" src=\"http:\/\/ostomaz.splet.arnes.si\/files\/2016\/10\/Slika10-300x209.jpg\" alt=\"Slika10\" width=\"300\" height=\"209\" srcset=\"https:\/\/ostomaz.si\/files\/2016\/10\/Slika10-300x209.jpg 300w, https:\/\/ostomaz.si\/files\/2016\/10\/Slika10-1024x712.jpg 1024w, https:\/\/ostomaz.si\/files\/2016\/10\/Slika10-79x55.jpg 79w, https:\/\/ostomaz.si\/files\/2016\/10\/Slika10-470x327.jpg 470w, https:\/\/ostomaz.si\/files\/2016\/10\/Slika10.jpg 1236w\" sizes=\"auto, (max-width: 300px) 100vw, 300px\" \/><\/a>Jutri potujemo na Ptuj, kjer se bomo predstavili z avtomobilom ChessCar. Za izdelavo je bilo potrebno veliko truda. Pri izdelavi je sodeloval cel razred. Uporabili smo \u0161tevilne materiale: kovino, vezano plo\u0161\u010do, pleksi steklo, les, ter obdelovalne postopke. Upam, da bomo dosegli visoko mesto.<\/div>\n<div style=\"text-align: justify\"><\/div>\n<\/div>\n<\/div>\n","protected":false},"excerpt":{"rendered":"<p>V sredo, 12. 10. 2016 [&hellip;]<\/p>\n","protected":false},"author":735,"featured_media":0,"parent":2932,"menu_order":0,"comment_status":"closed","ping_status":"open","template":"template-fullwidth.php","meta":{"ngg_post_thumbnail":0,"footnotes":""},"class_list":["post-4115","page","type-page","status-publish","hentry"],"_links":{"self":[{"href":"https:\/\/ostomaz.si\/index.php?rest_route=\/wp\/v2\/pages\/4115","targetHints":{"allow":["GET"]}}],"collection":[{"href":"https:\/\/ostomaz.si\/index.php?rest_route=\/wp\/v2\/pages"}],"about":[{"href":"https:\/\/ostomaz.si\/index.php?rest_route=\/wp\/v2\/types\/page"}],"author":[{"embeddable":true,"href":"https:\/\/ostomaz.si\/index.php?rest_route=\/wp\/v2\/users\/735"}],"replies":[{"embeddable":true,"href":"https:\/\/ostomaz.si\/index.php?rest_route=%2Fwp%2Fv2%2Fcomments&post=4115"}],"version-history":[{"count":8,"href":"https:\/\/ostomaz.si\/index.php?rest_route=\/wp\/v2\/pages\/4115\/revisions"}],"predecessor-version":[{"id":5009,"href":"https:\/\/ostomaz.si\/index.php?rest_route=\/wp\/v2\/pages\/4115\/revisions\/5009"}],"up":[{"embeddable":true,"href":"https:\/\/ostomaz.si\/index.php?rest_route=\/wp\/v2\/pages\/2932"}],"wp:attachment":[{"href":"https:\/\/ostomaz.si\/index.php?rest_route=%2Fwp%2Fv2%2Fmedia&parent=4115"}],"curies":[{"name":"wp","href":"https:\/\/api.w.org\/{rel}","templated":true}]}}