{"id":2424,"date":"2015-08-25T21:19:28","date_gmt":"2015-08-25T19:19:28","guid":{"rendered":"http:\/\/ostomaz.splet.arnes.si\/?page_id=2424"},"modified":"2025-09-12T08:51:10","modified_gmt":"2025-09-12T06:51:10","slug":"solski-prevozi","status":"publish","type":"page","link":"https:\/\/ostomaz.si\/?page_id=2424","title":{"rendered":"\u0160olski prevozi"},"content":{"rendered":"<div align=\"center\"><span style=\"color: #0000ff\"><em><strong>\u0160olski prevozi<\/strong><\/em><\/span><\/div>\n<p><em>\u0160olski prevozi se izvajajo v skladu s programom financerja \u2013 Ob\u010dine Sveti Toma\u017e. Izvajalec prevozov na vseh relacijah je Arriva. \u0160olski liniji, ki je bila uvedena s septembrom 2022, je spremenjena pot vo\u017enje in dodani dve novi postaji.&nbsp;<\/em><\/p>\n<p><a href=\"https:\/\/ostomaz.si\/files\/2025\/09\/VOZNI-RED-25_26.pdf\">\u0160olski prevozi 2025 2026<\/a><\/p>\n<table style=\"height: 29px\" width=\"744\">\n<tbody>\n<tr>\n<td>&nbsp;<\/td>\n<\/tr>\n<\/tbody>\n<\/table>\n<p>&nbsp;<\/p>\n","protected":false},"excerpt":{"rendered":"<p>\u0160olski prevozi \u0160olski prevozi se [&hellip;]<\/p>\n","protected":false},"author":735,"featured_media":2622,"parent":2043,"menu_order":0,"comment_status":"closed","ping_status":"open","template":"","meta":{"ngg_post_thumbnail":0,"footnotes":""},"class_list":["post-2424","page","type-page","status-publish","has-post-thumbnail","hentry"],"_links":{"self":[{"href":"https:\/\/ostomaz.si\/index.php?rest_route=\/wp\/v2\/pages\/2424","targetHints":{"allow":["GET"]}}],"collection":[{"href":"https:\/\/ostomaz.si\/index.php?rest_route=\/wp\/v2\/pages"}],"about":[{"href":"https:\/\/ostomaz.si\/index.php?rest_route=\/wp\/v2\/types\/page"}],"author":[{"embeddable":true,"href":"https:\/\/ostomaz.si\/index.php?rest_route=\/wp\/v2\/users\/735"}],"replies":[{"embeddable":true,"href":"https:\/\/ostomaz.si\/index.php?rest_route=%2Fwp%2Fv2%2Fcomments&post=2424"}],"version-history":[{"count":15,"href":"https:\/\/ostomaz.si\/index.php?rest_route=\/wp\/v2\/pages\/2424\/revisions"}],"predecessor-version":[{"id":23022,"href":"https:\/\/ostomaz.si\/index.php?rest_route=\/wp\/v2\/pages\/2424\/revisions\/23022"}],"up":[{"embeddable":true,"href":"https:\/\/ostomaz.si\/index.php?rest_route=\/wp\/v2\/pages\/2043"}],"wp:featuredmedia":[{"embeddable":true,"href":"https:\/\/ostomaz.si\/index.php?rest_route=\/wp\/v2\/media\/2622"}],"wp:attachment":[{"href":"https:\/\/ostomaz.si\/index.php?rest_route=%2Fwp%2Fv2%2Fmedia&parent=2424"}],"curies":[{"name":"wp","href":"https:\/\/api.w.org\/{rel}","templated":true}]}}