{"id":2422,"date":"2015-08-25T21:17:02","date_gmt":"2015-08-25T19:17:02","guid":{"rendered":"http:\/\/ostomaz.splet.arnes.si\/?page_id=2422"},"modified":"2015-09-06T10:13:29","modified_gmt":"2015-09-06T08:13:29","slug":"ucbeniski-sklad","status":"publish","type":"page","link":"https:\/\/ostomaz.si\/?page_id=2422","title":{"rendered":"U\u010dbeni\u0161ki sklad"},"content":{"rendered":"<p style=\"text-align: justify\"><span style=\"color: #0000ff\"><em><strong>NAVODILA ZA UPRAVLJANJE U\u010cBENI\u0160KIH SKLADOV<\/strong><\/em><\/span><\/p>\n<p style=\"text-align: justify\">U\u010dbeni\u0161ki sklad je v skladu z ZOFVI in Pravilnikom o upravljanju u\u010dbeni\u0161kih skladov ustanovljen zato, da se u\u010denkam in u\u010dencem zagotovi u\u010dbenike, ki jih potrebujejo pri pouku. V u\u010dbeni\u0161ki sklad se lahko vklju\u010dijo u\u010dbeniki, objavljeni v Katalogu u\u010dbenikov.\u00a0 U\u010dbeni\u0161ki skladi se vzpostavljajo za vse razrede osnovne \u0161ole. Pri upravljanju u\u010dbeni\u0161kega sklada upo\u0161tevajte Pravilnik o upravljanju u\u010dbeni\u0161kih skladov ter druga zakonska dolo\u010dila (ZOFVI, Zakon o ra\u010dunovodstvu, Zakon o javnih naro\u010dilih, Zakon o varovanju osebnih podatkov).<\/p>\n<p style=\"text-align: justify\"><em><strong>Izposojevalnina<\/strong><\/em><\/p>\n<p style=\"text-align: justify\">Star\u0161i u\u010denk in u\u010dencev se sami odlo\u010dijo, ali bodo u\u010dbenik kupili ali si ga bodo izposodili na \u0161oli. Izposojevalnino, ki jo \u0161ola izra\u010duna v skladu s Pravilnikom o upravljanju u\u010dbeni\u0161kih skladov, sofinancira Ministrstvo za \u0161olstvo in \u0161port. Vi\u0161ino izposojevalnine predlaga skrbnik, pisno pa potrdi ravnatelj. \u0160ole zneske vnesejo v aplikacijo Trubar v zahtevek za izpla\u010dilo.\u00a0 \u0160ole ne smejo zara\u010dunavati izposojevalnine za u\u010dbenike po tem, ko so z izposojevalnino in drugimi finan\u010dnimi sredstvi pokrile vse stro\u0161ke glede u\u010dbenika (kamor spada tako nabavni stro\u0161ek kot tudi drugi sorazmerni stro\u0161ki povezani z upravljanjem u\u010dbeni\u0161kih skladov). V\u00a0 treh letih se stro\u0161ki nakupa u\u010dbenikov lahko ne pokrijejo z izposojevalnino, saj moramo upo\u0161tevati spreminjanje \u0161tevila uporabnikov sklada, stro\u0161ke upravljanja sklada itd. Izposojevalnino sofinancira Ministrstvo za \u0161olstvo in\u00a0 \u0161port, v zadnjih letih je bilo financiranje 100-odstotno. \u0160ole so dol\u017ene u\u010dence oziroma njihove star\u0161e obvestiti\u00a0 o pravicah in dol\u017enostih v zvezi z izposojanjem u\u010dbenikov. \u010ce konec leta u\u010denci vrnejo po\u0161kodovan u\u010dbenik ali pa ga sploh ne vrnejo, pla\u010dajo zanj od\u0161kodnino v skladu s 5. \u010dlenom Pravilnika o upravljanju u\u010dbeni\u0161kih skladov. U\u010denec se lahko med letom tudi odlo\u010di, da bo posamezen u\u010dbenik obdr\u017eal.<\/p>\n<p style=\"text-align: justify\"><em><strong>Skrbnik sklada<\/strong><\/em><\/p>\n<p style=\"text-align: justify\">Skrbnik u\u010dbeni\u0161kega sklada je imenovan s pisnim sklepom in za svoje delo prejme nagrado po ena\u010dbi v skladu s 7. \u010dlenom Pravilnika o upravljanju u\u010dbeni\u0161kih skladov. Nagrada je izpla\u010dana enkrat letno. Skrbnikov je lahko ve\u010d, nagrada se v tem primeru deli glede na dogovor med ravnateljem in skrbniki. Vi\u0161ino bruto nagrade si lahko skrbniki u\u010dbeni\u0161kih skladov izra\u010dunajo v aplikaciji Trubar.<\/p>\n<p style=\"text-align: justify\"><em><strong>Izbor u\u010dbenikov, delovnih zvezkov in drugih u\u010dnih gradiv<\/strong><\/em><\/p>\n<p style=\"text-align: justify\">\u0160ole izberejo za posamezen razred u\u010dbenike, delovne zvezke in druga u\u010dna gradiva, ki jih bodo u\u010denci uporabljali pri pouku v skladu z 10. \u010dlenom Pravilnika o upravljanju u\u010dbeni\u0161kih skladov. O izboru delovnih zvezkov in drugih u\u010dnih gradiv pridobijo soglasje sveta star\u0161ev glede cene.\u00a0 Strokovnim aktivom priporo\u010damo, da Katalog u\u010dbenikov skrbno pregledajo in se samostojno odlo\u010dijo tako, da bo izbor racionalen in da bodo izbrane u\u010dbenike lahko uporabljali do izteka njihove veljavnosti. Naslovov u\u010dbenikov naj ne menjajo. Prav tako skrbno naj izberejo tudi delovne zvezke in druga u\u010dna gradiva, vendar morajo upo\u0161tevati, da je u\u010dbenik osnovno u\u010dno sredstvo za doseganje vzgojno-izobra\u017eevalnih ciljev in standardov znanja, opredeljenih v u\u010dnem na\u010drtu. Prednost potrjenih u\u010dbenikov je, da so na poti do potrditve vsebinsko in oblikovno urejeni, lektorirani, dvakrat recenzirani. U\u010ditelj od u\u010dencev lahko brezpogojno zahteva samo potrjene u\u010dbenike.\u00a0 Seveda u\u010ditelji ob potrjenih u\u010dbenikih lahko uporabljajo tudi druga u\u010dna gradiva, vendar naj se pri izboru obna\u0161ajo racionalno in naj izberejo gradiva, katerih vsebino poznajo v naprej in za katere so prepri\u010dani, da jih bodo med letom uspeli izpolniti in koristno uporabiti.<\/p>\n<p style=\"text-align: justify\">V skladu s Pravilnikom o upravljanju u\u010dbeni\u0161kih skladov, morajo \u0161ole do konca marca koledarskega leta potrditi izbor u\u010dbenikov za prihodnje leto, do 1. junija pa izdelati \u0161e seznam delovnih zvezkov in drugih u\u010dnih gradiv. Pravilnik o upravljanju u\u010dbeni\u0161kih skladov zahteva tudi pisno soglasje sveta star\u0161ev za skupno nabavno ceno delovnih zvezkov in drugih u\u010dnih gradiv za posamezen razred. O izboru u\u010dbenikov in drugih u\u010dnih gradiv obvestijo u\u010dence oz. njihove star\u0161e ter seznam objavijo na javnem mestu na \u0161oli, ki ga praviloma uporabljajo za obve\u0161\u010danje ter na spletni strani \u0161ole.<\/p>\n<p style=\"text-align: justify\"><em><strong>Nakup u\u010dbenikov za u\u010dbeni\u0161ki sklad<\/strong><\/em><br \/>\nU\u010dbenike, ki jih je \u0161ola izbrala za nakup za u\u010dbeni\u0161ke sklade, mora \u0161ola nabaviti pred za\u010detkom novega \u0161olskega leta. Pri tem mora upo\u0161tevati notranji akt \u0161ole, ki ureja oddajo naro\u010dil male vrednosti ter druge akte s podro\u010dja javnih naro\u010dil. \u0160ola lahko nadomesti iztro\u0161ene, odkupljene in uni\u010dene u\u010dbenike oz. dokupi manjkajo\u010de izvode za izposojo v prihodnjem \u0161olskem letu. Predlog odpisa pisno potrdi ravnatelj. \u0160ola izdela seznam potreb za nakup novih manjkajo\u010dih u\u010dbenikov za u\u010dbeni\u0161ke sklade. Skrbnik sklada pripravi evidenco u\u010dbenikov, ki jih mora \u0161ola zagotoviti za izposojo v prihodnjem \u0161olskem letu, evidenco pisno potrdi ravnatelj ter z njo seznani svet star\u0161ev in svet \u0161ole. \u0160ola razdeli u\u010dbenike uporabnikom sklada najkasneje prvi teden pouka v novem \u0161olskem letu.<\/p>\n<p style=\"text-align: justify\"><em><strong>Nakup delovnih zvezkov in drugih u\u010dnih gradiv<\/strong><\/em><\/p>\n<p style=\"text-align: justify\">\u00a0\u010ce \u0161ola z ustanovitvenim aktom nima druga\u010de dolo\u010deno, posredni\u0161tva pri nakupu drugih u\u010dnih gradiv za u\u010dence, ki presega dejavnosti iz prej\u0161nje to\u010dke, ne sme opravljati. \u0160ola lahko posreduje naro\u010dni\u0161ke sezname trgovskih dru\u017eb, knjigarn in papirnic u\u010dencem ter njihovim star\u0161em, vendar na na\u010din, s katerim ne daje prednosti nobenemu izmed ponudnikov in brez sodelovanja delavcev \u0161ole pri izbiri ponudnika: star\u0161i naro\u010dajo naravnost od trgovcev in tudi pla\u010dajo trgovcem direktno brez posredovanja \u0161ole. \u0160ola lahko ob koncu \u0161olskega leta organizira predstavitev ponudnikov, vendar na na\u010din, s katerim ne daje prednosti nobenemu izmed ponudnikov. \u0160ola lahko tak\u0161no predstavitev zdru\u017ei z dnevom menjave rabljenih u\u010dbenikov ali drugih knjig med u\u010denci.<\/p>\n<p style=\"text-align: justify\"><em><strong>Obve\u0161\u010danje<\/strong><\/em><br \/>\nRavnatelji so dol\u017eni skrbnikom u\u010dbeni\u0161kih skladov omogo\u010diti dostop do spletne strani M\u0160\u0160, kjer se nahaja aplikacija Trubar ter okro\u017enice, navodila in morebitni obrazci v zvezi z u\u010dbeni\u0161kim skladom.<\/p>\n<p style=\"text-align: justify\"><em><strong>Aplikacija Trubar<\/strong><\/em><\/p>\n<p style=\"text-align: justify\">\u00a0Osnovne \u0161ole podatke o u\u010dbenikih in drugih gradivih, ki jih uporabljajo na \u0161oli, sproti vna\u0161ajo v aplikacijo Trubar. Dostop do aplikacije je mogo\u010d preko Portala M\u0160\u0160 z uporabo certifikata. Na certifikatu morajo biti dolo\u010dene pravice za delo z aplikacijo \u00bbTrubar\u00ab. Vna\u0161alcu, ki \u017ee ima certifikat pravice za vnos podatkov dolo\u010di ravnatelj. Na\u010din dolo\u010danja pravic uporabnikom in na\u010din naro\u010danja certifikatov za osebe, ki certifikata \u0161e nimajo je opisan v okro\u017enici z dne 5. 7. 2007. Navodilo je objavljeno tudi na spletni strani M\u0160\u0160.<\/p>\n<p style=\"text-align: justify\"><em><strong>Rokovnik<\/strong><\/em><\/p>\n<ul>\n<li style=\"text-align: justify\">Do <strong>31. maja<\/strong>: izbor u\u010dbenikov, ki jih predlaga strokovni aktiv, potrdi ravnatelj.<\/li>\n<li style=\"text-align: justify\">Do <strong>1. junija<\/strong>: strokovni aktiv u\u010diteljev predlaga ravnatelju seznam delovnih zvezkov in drugih u\u010dnih gradiv, ki jih bodo u\u010ditelji in udele\u017eenci izobra\u017eevanja uporabljali pri pouku v prihodnjem \u0161olskem letu.<\/li>\n<li style=\"text-align: justify\">Do <strong>10. junija:<\/strong> ravnatelj pridobi pisno soglasje sveta star\u0161ev za skupno nabavno ceno delovnih zvezkov in drugih u\u010dnih gradiv za posamezen razred oziroma letnik \u0161ole.<\/li>\n<li style=\"text-align: justify\">Do <strong>15. junija<\/strong>: \u0161ola obvesti vse udele\u017eence izobra\u017eevanja, katera u\u010dna gradiva bodo uporabljali v prihodnjem \u0161olskem letu, sezname obesi na obi\u010dajno mesto na \u0161oli za sporo\u010danje oziroma objavi na svoji spletni strani.<\/li>\n<li style=\"text-align: justify\">Do <strong>24. junija<\/strong>: \u0161ola evidentira potrebe po izposoji u\u010dbenikov iz u\u010dbeni\u0161kega sklada za prihodnje \u0161olsko leto.<\/li>\n<li style=\"text-align: justify\">Predlog odpisa neuporabnih u\u010dbenikov pisno potrdi ravnatelj. Skrbnik sklada pripravi evidenco u\u010dbenikov, ki jih mora \u0161ola zagotoviti za izposojo v prihodnjem \u0161olskem letu. Evidenco pisno potrdi ravnatelj ter z njo seznani svet star\u0161ev in svet \u0161ole.<\/li>\n<li style=\"text-align: justify\">Do <strong>31. avgusta<\/strong>: \u0161ola nakupe in odpise posameznih u\u010dbenikov vnese v aplikacijo Trubar.<br \/>\nPrvi teden pouka: \u0161ola razdeli, izposodi u\u010dbenike.<\/li>\n<li style=\"text-align: justify\">Do <strong>30. septembra<\/strong>: \u0161ola v aplikaciji Trubar izpolni obrazec za povra\u010dilo izposojevalnine, \u010de \u0161e ni, vnese sezname delovnih zvezkov in drugih u\u010dnih gradiv ter podatke o fina\u010dnih transakcijah v okviru u\u010dbeni\u0161kega sklada.<\/li>\n<li style=\"text-align: justify\">Do <strong>30. oktobra<\/strong>: skrbnik u\u010dbeni\u0161kega sklada pripravi predlog za nagrado skrbniku\/skrbnikom, ki jo pisno potrdi ravnatelj.<\/li>\n<li style=\"text-align: justify\">Do <strong>31. decembra<\/strong>: \u0161ola v aplikacijo Trubar vnese vse preostale transakcije v okviru u\u010dbeni\u0161kega sklada.<\/li>\n<\/ul>\n<p style=\"text-align: justify\"><em><strong>Katalog u\u010dbenikov<\/strong><\/em><\/p>\n<p style=\"text-align: justify\">\u00a0Objava tudi na spletni strani Zavoda RS za \u0161olstvo <a href=\"http:\/\/www.zrss.si.\" target=\"_blank\">http:\/\/www.zrss.si.<\/a><\/p>\n","protected":false},"excerpt":{"rendered":"<p>NAVODILA ZA UPRAVLJANJE U\u010cBENI\u0160KIH SKLADOV [&hellip;]<\/p>\n","protected":false},"author":735,"featured_media":2594,"parent":2043,"menu_order":0,"comment_status":"closed","ping_status":"open","template":"","meta":{"ngg_post_thumbnail":0,"footnotes":""},"class_list":["post-2422","page","type-page","status-publish","has-post-thumbnail","hentry"],"_links":{"self":[{"href":"https:\/\/ostomaz.si\/index.php?rest_route=\/wp\/v2\/pages\/2422","targetHints":{"allow":["GET"]}}],"collection":[{"href":"https:\/\/ostomaz.si\/index.php?rest_route=\/wp\/v2\/pages"}],"about":[{"href":"https:\/\/ostomaz.si\/index.php?rest_route=\/wp\/v2\/types\/page"}],"author":[{"embeddable":true,"href":"https:\/\/ostomaz.si\/index.php?rest_route=\/wp\/v2\/users\/735"}],"replies":[{"embeddable":true,"href":"https:\/\/ostomaz.si\/index.php?rest_route=%2Fwp%2Fv2%2Fcomments&post=2422"}],"version-history":[{"count":4,"href":"https:\/\/ostomaz.si\/index.php?rest_route=\/wp\/v2\/pages\/2422\/revisions"}],"predecessor-version":[{"id":2596,"href":"https:\/\/ostomaz.si\/index.php?rest_route=\/wp\/v2\/pages\/2422\/revisions\/2596"}],"up":[{"embeddable":true,"href":"https:\/\/ostomaz.si\/index.php?rest_route=\/wp\/v2\/pages\/2043"}],"wp:featuredmedia":[{"embeddable":true,"href":"https:\/\/ostomaz.si\/index.php?rest_route=\/wp\/v2\/media\/2594"}],"wp:attachment":[{"href":"https:\/\/ostomaz.si\/index.php?rest_route=%2Fwp%2Fv2%2Fmedia&parent=2422"}],"curies":[{"name":"wp","href":"https:\/\/api.w.org\/{rel}","templated":true}]}}