{"id":2419,"date":"2015-08-25T21:15:34","date_gmt":"2015-08-25T19:15:34","guid":{"rendered":"http:\/\/ostomaz.splet.arnes.si\/?page_id=2419"},"modified":"2015-09-03T08:15:21","modified_gmt":"2015-09-03T06:15:21","slug":"starsi-in-sola","status":"publish","type":"page","link":"https:\/\/ostomaz.si\/?page_id=2419","title":{"rendered":"Star\u0161i in \u0161ola"},"content":{"rendered":"<p>\u017delimo si, da bi bila sre\u010danja s star\u0161i trenutki, ko bomo obojestransko pridobivali. Trudili se bomo, da bodo organizirana tako, da bomo skupaj prihajali do \u010dim bolj\u0161ih re\u0161itev za na\u0161e otroke.<\/p>\n<p>Cilji:<\/p>\n<p>\u00b7\u00a0\u00a0\u00a0\u00a0\u00a0\u00a0 \u010dim ve\u010dja udele\u017eba star\u0161ev na sre\u010danjih,<\/p>\n<p>\u00b7\u00a0\u00a0\u00a0\u00a0\u00a0\u00a0 aktivno sodelovanje,<\/p>\n<p>\u00b7\u00a0\u00a0\u00a0\u00a0\u00a0\u00a0 podajanje argumentiranih predlogov,<\/p>\n<p>\u00b7\u00a0\u00a0\u00a0\u00a0\u00a0\u00a0 izgrajevanje zaupanja med u\u010ditelji \u2013 u\u010denci \u2013 star\u0161i.<\/p>\n","protected":false},"excerpt":{"rendered":"<p>\u017delimo si, da bi bila [&hellip;]<\/p>\n","protected":false},"author":735,"featured_media":2530,"parent":2043,"menu_order":0,"comment_status":"closed","ping_status":"open","template":"","meta":{"ngg_post_thumbnail":0,"footnotes":""},"class_list":["post-2419","page","type-page","status-publish","has-post-thumbnail","hentry"],"_links":{"self":[{"href":"https:\/\/ostomaz.si\/index.php?rest_route=\/wp\/v2\/pages\/2419","targetHints":{"allow":["GET"]}}],"collection":[{"href":"https:\/\/ostomaz.si\/index.php?rest_route=\/wp\/v2\/pages"}],"about":[{"href":"https:\/\/ostomaz.si\/index.php?rest_route=\/wp\/v2\/types\/page"}],"author":[{"embeddable":true,"href":"https:\/\/ostomaz.si\/index.php?rest_route=\/wp\/v2\/users\/735"}],"replies":[{"embeddable":true,"href":"https:\/\/ostomaz.si\/index.php?rest_route=%2Fwp%2Fv2%2Fcomments&post=2419"}],"version-history":[{"count":3,"href":"https:\/\/ostomaz.si\/index.php?rest_route=\/wp\/v2\/pages\/2419\/revisions"}],"predecessor-version":[{"id":2531,"href":"https:\/\/ostomaz.si\/index.php?rest_route=\/wp\/v2\/pages\/2419\/revisions\/2531"}],"up":[{"embeddable":true,"href":"https:\/\/ostomaz.si\/index.php?rest_route=\/wp\/v2\/pages\/2043"}],"wp:featuredmedia":[{"embeddable":true,"href":"https:\/\/ostomaz.si\/index.php?rest_route=\/wp\/v2\/media\/2530"}],"wp:attachment":[{"href":"https:\/\/ostomaz.si\/index.php?rest_route=%2Fwp%2Fv2%2Fmedia&parent=2419"}],"curies":[{"name":"wp","href":"https:\/\/api.w.org\/{rel}","templated":true}]}}