{"id":21844,"date":"2024-11-13T18:29:15","date_gmt":"2024-11-13T17:29:15","guid":{"rendered":"https:\/\/ostomaz.splet.arnes.si\/?page_id=21844"},"modified":"2024-11-13T18:49:08","modified_gmt":"2024-11-13T17:49:08","slug":"projekt-digitrajni-ucitelj","status":"publish","type":"page","link":"https:\/\/ostomaz.si\/?page_id=21844","title":{"rendered":"Projekt Digitrajni u\u010ditelj"},"content":{"rendered":"<h4><img loading=\"lazy\" decoding=\"async\" class=\"wp-image-21852 size-full alignleft\" src=\"https:\/\/ostomaz.si\/files\/2024\/11\/nacrt-za-okrevanje-1.png\" alt=\"\" width=\"276\" height=\"100\"><\/h4>\n<h4><img loading=\"lazy\" decoding=\"async\" class=\"size-full wp-image-21850 alignleft\" src=\"https:\/\/ostomaz.si\/files\/2024\/11\/EU.png\" alt=\"\" width=\"276\" height=\"100\"><\/h4>\n<h4>&nbsp;<\/h4>\n<h4><img loading=\"lazy\" decoding=\"async\" class=\"size-full wp-image-21851 alignleft\" src=\"https:\/\/ostomaz.si\/files\/2024\/11\/prenos.png\" alt=\"\" width=\"175\" height=\"18\"><\/h4>\n<h4>&nbsp;<\/h4>\n<h4>&nbsp;<\/h4>\n<h4 class=\"text-h4 mb-4\">Pogoji za vklju\u010ditev<\/h4>\n<p class=\"mb-4\">VIZ mora zagotoviti udele\u017ebo&nbsp;<strong>60 % strokovnih in vodstvenih delavcev<\/strong>&nbsp;v pristopu 2.<\/p>\n<p class=\"mb-4\">Usposabljanja potekajo 13 dni in so razdeljena na&nbsp;<strong>pristop 1<\/strong>&nbsp;\u2013 6 dni (do 50 % na daljavo, ostalo v \u017eivo) in&nbsp;<strong>pristop 2<\/strong>&nbsp;\u2013 7 dni (do 20 % na daljavo, ostalo v \u017eivo).<\/p>\n<p class=\"mb-8\">Postopek prijav, evalvacije in izdaje potrdil poteka preko&nbsp;<strong>sistema Katis<\/strong>&nbsp;(prijavo strokovnega delavca mora potrditi ravnatelj).<\/p>\n<h6 class=\"text-h6 mb-2\">POSTOPEK VKLJU\u010cITVE:<\/h6>\n<ul class=\"list-disc pl-4\">\n<li>Sprejmite odlo\u010ditev za osebno transformacijo.<\/li>\n<li>Pridobite dodatne informacije na&nbsp;<a class=\"text-d-dark-green font-bold\" href=\"https:\/\/www.digitrajni.si\/\">digitrajni.si<\/a>&nbsp;in pri va\u0161em&nbsp;<a class=\"text-d-dark-green font-bold\" href=\"https:\/\/www.digitrajni.si\/#contacts\">koordinatorju<\/a>.<\/li>\n<li>Motivirajte va\u0161 kolektiv za sodelovanje (vsaj 60 % udele\u017eba).<\/li>\n<li>Podpi\u0161ite&nbsp;<button class=\"button button--inline text-d-dark-green\">Digitrajno obljubo<\/button>&nbsp;in sklenite sporazum s seboj!<\/li>\n<li>Dolo\u010dite koordinatorja aktivnosti in prena\u0161alca znanj znotraj va\u0161ega kolektiva.<\/li>\n<li>Prijavite se za sodelovanje preko povezave, ki jo prejmete od regionalnega koordinatorja.<\/li>\n<li>Sodelujte v podpisu sporazuma z vodilnim partnerjem projekta.<\/li>\n<li>Spodbujajte sodelavce k&nbsp;<a class=\"text-d-dark-green font-bold\" href=\"https:\/\/www.digitrajni.si\/\">udele\u017ebi v projektu<\/a>&nbsp;s primernimi usposabljanji.<\/li>\n<li>Vztrajajte in se dr\u017eite svoje zaveze do konca projekta.<\/li>\n<\/ul>\n<h4 class=\"text-h4 mb-4\">Poti usposabljanja<\/h4>\n<p>VIZ bo zagotovil sodelovanje vsaj 60 % svojih zaposlenih (vklju\u010deni so tudi strokovni delavci ter koordinatorji ra\u010dunalni\u0161tva in informatike) in odgovorne osebe pri projektu DIGITRAJNI U\u010cITELJ v obsegu najmanj&nbsp;<strong>104 ure (13 dni)<\/strong>, in sicer:<\/p>\n<ul class=\"list-disc pl-4 mb-8\">\n<li>88 ur \u2013&nbsp;<strong>11 dni<\/strong>&nbsp;\u2013 za krepitev digitalnih kompetenc,<\/li>\n<li>8 ur \u2013&nbsp;<strong>1 dan<\/strong>&nbsp;\u2013 za krepitev kompetenc za trajnostni razvoj,<\/li>\n<li>8 ur \u2013&nbsp;<strong>1 dan<\/strong>&nbsp;\u2013 za krepitev finan\u010dne pismenosti.<\/li>\n<\/ul>\n<p>13 dni usposabljanja se razporedi na naslednji na\u010din:<\/p>\n<ul class=\"list-disc pl-4\">\n<li>najmanj 5 dni v letu 2024,<\/li>\n<li>najmanj 5 dni v letu 2025,<\/li>\n<li>najmanj 3 dni v letu 2026.<\/li>\n<\/ul>\n<p class=\"mb-8\">* VIZ-om, ki so pristopili v letu 2023 in so v letu 2023 opravili do 3 dni usposabljanj, smo z aneksi razporedili nerealizirane dneve v leta 2024, 2025 in 2026.<\/p>\n<p>Dnevi se razporedijo tudi&nbsp;<strong>glede na pristop:<\/strong><\/p>\n<ul class=\"list-disc pl-4 mb-8\">\n<li>pristop 1 \u2013 6 dni<\/li>\n<li>pristop 2 \u2013 7 dni<\/li>\n<\/ul>\n<h4 class=\"text-h4 mb-4\">Regionalni koordinatorji<\/h4>\n<p class=\"mb-8\">Vodstvo VIZ-a pridobi informacije pri&nbsp;<strong>regionalnih koordinatorjih na \u0161olskih centrih<\/strong>. Na podlagi regije va\u0161ega VIZ-a kontaktirajte regionalnega koordinatorja.<\/p>\n<p class=\"uppercase\"><strong>Va\u0161 regionalni koordinator<\/strong><\/p>\n<p><strong>\u0160C Ljubljana,<\/strong>&nbsp;Osrednjeslovenska regija:&nbsp;<span class=\"text-d-blue\"><a href=\"m&#97;&#105;&#x6c;&#x74;o&#58;&#109;&#x61;&#x6a;&#x61;&#46;&#108;&#101;&#x73;&#x6a;ak&#64;&#x73;&#x63;&#x6c;j&#46;&#115;&#x69;\">&#109;&#97;&#x6a;&#x61;&#46;&#108;&#x65;&#x73;&#106;&#97;&#x6b;&#x40;&#115;&#99;&#x6c;&#x6a;&#46;&#115;&#x69;<\/a>,&nbsp;<span class=\"whitespace-nowrap\">+386 65 563 407<\/span><\/span><\/p>\n<p><strong>\u0160C Kranj,<\/strong>&nbsp;Gorenjska, Primorsko-notranjska:&nbsp;<span class=\"text-d-blue\"><a href=\"&#x6d;&#97;i&#x6c;&#x74;&#111;:&#x64;&#x69;&#103;i&#x74;&#x72;&#97;j&#x6e;&#x69;&#64;s&#x63;&#107;&#114;&#46;&#x73;&#105;\">&#x64;&#x69;&#x67;&#x69;&#116;&#114;ajn&#x69;&#x40;&#x73;&#x63;&#107;&#114;&#46;si<\/a>,&nbsp;<span class=\"whitespace-nowrap\">+386 4 280 40 01<\/span><\/span><\/p>\n<p><strong>\u0160C Nova Gorica,<\/strong>&nbsp;Severnoprimorska in Obalno-kra\u0161ka:&nbsp;<span class=\"text-d-blue\"><a href=\"&#x6d;&#97;&#x69;&#x6c;&#116;&#x6f;&#58;a&#x6e;&#97;&#46;&#x6c;&#101;n&#x73;&#99;a&#x6b;&#64;&#x73;&#x63;&#110;&#x67;&#x2e;&#115;&#x69;\">&#x61;&#x6e;&#x61;&#x2e;&#x6c;&#x65;&#110;&#115;&#99;&#97;k&#64;sc&#x6e;&#x67;&#x2e;&#x73;&#x69;<\/a>,&nbsp;<span class=\"whitespace-nowrap\">+386 5 620 57 98<\/span><\/span><\/p>\n<p><strong>\u0160C Novo mesto,<\/strong>&nbsp;Jugovzhodna Slovenija in Posavska regija:&nbsp;<span class=\"text-d-blue\"><a href=\"m&#97;&#105;&#x6c;&#x74;o:&#100;&#105;&#x67;&#x69;tr&#97;&#106;&#x6e;&#x69;&#64;s&#99;&#x2d;&#x6e;&#x6d;&#46;&#115;&#105;\">&#x64;&#x69;&#x67;&#x69;&#116;&#114;&#97;&#106;ni&#64;&#x73;&#x63;&#x2d;&#x6e;&#x6d;&#46;&#115;&#105;<\/a>,&nbsp;<span class=\"whitespace-nowrap\">+386 7 393 22 04<\/span><\/span><\/p>\n<p><strong>\u0160C Celje,<\/strong>&nbsp;Savinjska (brez \u0160ale\u0161ke regije) in Zasavje:&nbsp;<span class=\"text-d-blue\"><a href=\"&#x6d;&#x61;&#x69;&#x6c;&#x74;&#111;&#58;&#100;&#101;nis&#x2e;&#x6b;&#x61;&#x63;&#x40;&#x73;&#99;&#45;&#99;elj&#x65;&#x2e;&#x73;&#x69;\">&#100;&#101;&#x6e;i&#115;&#x2e;&#x6b;a&#99;&#x40;&#x73;c&#45;&#x63;&#x65;l&#106;&#x65;&#x2e;s&#105;<\/a>,&nbsp;<a href=\"&#109;&#x61;i&#108;&#x74;o&#58;&#x64;i&#x67;&#x69;&#116;&#x72;a&#106;&#x6e;i&#64;&#x73;c&#x2d;&#x63;&#101;&#x6c;&#x6a;&#101;&#x2e;s&#105;\">&#x64;&#105;g&#x69;&#116;r&#x61;&#106;n&#x69;&#64;s&#x63;&#45;c&#x65;&#x6c;j&#x65;&#x2e;&#115;&#x69;<\/a>,&nbsp;<span class=\"whitespace-nowrap\">+386 3 428 58 26<\/span><\/span><\/p>\n<p><strong>\u0160C Velenje,<\/strong>&nbsp;SA\u0160A regija in Koro\u0161ka:&nbsp;<span class=\"text-d-blue\"><a href=\"&#109;&#97;&#x69;&#x6c;&#116;&#111;&#x3a;&#x69;&#103;&#111;&#x72;&#x2e;&#100;&#111;&#x6c;&#x65;&#114;&#64;&#x73;&#x63;&#118;&#46;&#x73;&#x69;\">&#105;g&#x6f;r&#x2e;&#100;&#x6f;&#108;&#x65;&#114;&#64;&#x73;c&#x76;&#46;&#x73;&#105;<\/a>,&nbsp;<a href=\"&#109;&#x61;i&#108;&#x74;o&#58;&#x64;i&#x67;&#x69;&#116;&#x72;a&#106;&#x6e;i&#64;&#x73;c&#x76;&#x2e;&#115;&#x69;\">&#x64;i&#x67;&#105;&#x74;&#114;&#x61;&#x6a;n&#x69;&#64;&#x73;&#99;&#x76;&#46;s&#x69;<\/a>,&nbsp;<span class=\"whitespace-nowrap\">+386 3 896 82 77<\/span><\/span><\/p>\n<p><strong>\u0160C Ptuj,<\/strong>&nbsp;Pomurska, Podravska regija:&nbsp;<span class=\"text-d-blue\"><a href=\"&#x6d;&#97;i&#x6c;&#116;&#111;&#x3a;&#x6e;&#105;n&#x61;&#46;g&#x65;&#x72;&#115;a&#x6b;&#64;s&#x63;&#x70;&#116;u&#x6a;&#46;s&#x69;\">&#x6e;&#x69;&#110;&#97;&#46;&#x67;&#x65;&#x72;&#115;ak&#x40;&#x73;&#99;&#112;t&#x75;&#x6a;&#x2e;&#115;i<\/a>,&nbsp;<span class=\"whitespace-nowrap\">+386 51 345 219<\/span><\/span><\/p>\n<h4 class=\"text-h4 mb-4\">Vloga in naloge svetovalca<\/h4>\n<p class=\"mb-8\">Svetovalec na VIZ-u je strokovni ali vodstveni delavec, ki&nbsp;<strong>razvojnim timom in (vodjem) ravnateljem na drugem VIZ-u svetuje<\/strong>&nbsp;glede razli\u010dnih vidikov digitalizacije.<\/p>\n<p>Svetovalec je&nbsp;<strong>podpora pri strategijah VIZ-ov:<\/strong><\/p>\n<ul class=\"list-disc pl-4 mb-8\">\n<li>na podro\u010dju razvoja digitalnih, trajnostnih in finan\u010dnih kompetenc zaposlenih in otrok oz. u\u010dencev,<\/li>\n<li>glede vklju\u010devanja novih pedago\u0161kih in didakti\u010dnih pristopov ter re\u0161evanja izzivov na VIZ-u.<\/li>\n<\/ul>\n<p>Druge naloge svetovalca:<\/p>\n<ul class=\"list-disc pl-4 mb-8\">\n<li>sodeluje v razvojnem timu VIZ-a kot zunanji sodelavec in izvaja analize potreb VIZ-a ter ocenjuje trenutno stanje na izbranih podro\u010djih,<\/li>\n<li>sodeluje pri razvoju strategij, na\u010drtov in programov za izbolj\u0161anje digitalne, trajnostne in finan\u010dne pismenosti strokovnih in vodstvenih delavcev VIZ-a,<\/li>\n<li>svetuje razvojnim timom VIZ-ov pri izbiri izobra\u017eevalnih dogodkov, seminarjev, delavnic in drugih usposabljanj,<\/li>\n<li>spremlja izvedbo svetovanja, implementacijo priporo\u010dil drugih dele\u017enikov v projektu (npr. Krovne razvojne skupine) ter izvajanje strategij in na\u010drtov, evalvira u\u010dinke svetovanja na delo vodstva in razvojnega tima na VIZ-u ter prilagaja svoje delo glede na rezultate evalvacij,<\/li>\n<li>vzpostavlja in vzdr\u017euje komunikacijsko pot z razvojnim timom ter ga spodbuja in vodi pri gradnji skupnosti v VIZ-u.<\/li>\n<\/ul>\n","protected":false},"excerpt":{"rendered":"<p>&nbsp; &nbsp; &nbsp; Pogoji za [&hellip;]<\/p>\n","protected":false},"author":735,"featured_media":0,"parent":0,"menu_order":0,"comment_status":"closed","ping_status":"closed","template":"","meta":{"ngg_post_thumbnail":0,"footnotes":""},"class_list":["post-21844","page","type-page","status-publish","hentry"],"_links":{"self":[{"href":"https:\/\/ostomaz.si\/index.php?rest_route=\/wp\/v2\/pages\/21844","targetHints":{"allow":["GET"]}}],"collection":[{"href":"https:\/\/ostomaz.si\/index.php?rest_route=\/wp\/v2\/pages"}],"about":[{"href":"https:\/\/ostomaz.si\/index.php?rest_route=\/wp\/v2\/types\/page"}],"author":[{"embeddable":true,"href":"https:\/\/ostomaz.si\/index.php?rest_route=\/wp\/v2\/users\/735"}],"replies":[{"embeddable":true,"href":"https:\/\/ostomaz.si\/index.php?rest_route=%2Fwp%2Fv2%2Fcomments&post=21844"}],"version-history":[{"count":3,"href":"https:\/\/ostomaz.si\/index.php?rest_route=\/wp\/v2\/pages\/21844\/revisions"}],"predecessor-version":[{"id":21853,"href":"https:\/\/ostomaz.si\/index.php?rest_route=\/wp\/v2\/pages\/21844\/revisions\/21853"}],"wp:attachment":[{"href":"https:\/\/ostomaz.si\/index.php?rest_route=%2Fwp%2Fv2%2Fmedia&parent=21844"}],"curies":[{"name":"wp","href":"https:\/\/api.w.org\/{rel}","templated":true}]}}

Projekt Digitrajni učitelj

<h4><img loading="lazy" decoding="async" class="wp-image-21852 size-full alignleft" src="https://ostomaz.si/files/2024/11/nacrt-za-okrevanje-1.png" alt="" width="276" height="100"></h4>
<h4><img loading="lazy" decoding="async" class="size-full wp-image-21850 alignleft" src="https://ostomaz.si/files/2024/11/EU.png" alt="" width="276" height="100"></h4>
<h4>&nbsp;</h4>
<h4><img loading="lazy" decoding="async" class="size-full wp-image-21851 alignleft" src="https://ostomaz.si/files/2024/11/prenos.png" alt="" width="175" height="18"></h4>
<h4>&nbsp;</h4>
<h4>&nbsp;</h4>
<h4 class="text-h4 mb-4">Pogoji za vključitev</h4>
<p class="mb-4">VIZ mora zagotoviti udeležbo&nbsp;<strong>60 % strokovnih in vodstvenih delavcev</strong>&nbsp;v pristopu 2.</p>
<p class="mb-4">Usposabljanja potekajo 13 dni in so razdeljena na&nbsp;<strong>pristop 1</strong>&nbsp;– 6 dni (do 50 % na daljavo, ostalo v živo) in&nbsp;<strong>pristop 2</strong>&nbsp;– 7 dni (do 20 % na daljavo, ostalo v živo).</p>
<p class="mb-8">Postopek prijav, evalvacije in izdaje potrdil poteka preko&nbsp;<strong>sistema Katis</strong>&nbsp;(prijavo strokovnega delavca mora potrditi ravnatelj).</p>
<h6 class="text-h6 mb-2">POSTOPEK VKLJUČITVE:</h6>
<ul class="list-disc pl-4">
<li>Sprejmite odločitev za osebno transformacijo.</li>
<li>Pridobite dodatne informacije na&nbsp;<a class="text-d-dark-green font-bold" href="https://www.digitrajni.si/">digitrajni.si</a>&nbsp;in pri vašem&nbsp;<a class="text-d-dark-green font-bold" href="https://www.digitrajni.si/#contacts">koordinatorju</a>.</li>
<li>Motivirajte vaš kolektiv za sodelovanje (vsaj 60 % udeležba).</li>
<li>Podpišite&nbsp;<button class="button button--inline text-d-dark-green">Digitrajno obljubo</button>&nbsp;in sklenite sporazum s seboj!</li>
<li>Določite koordinatorja aktivnosti in prenašalca znanj znotraj vašega kolektiva.</li>
<li>Prijavite se za sodelovanje preko povezave, ki jo prejmete od regionalnega koordinatorja.</li>
<li>Sodelujte v podpisu sporazuma z vodilnim partnerjem projekta.</li>
<li>Spodbujajte sodelavce k&nbsp;<a class="text-d-dark-green font-bold" href="https://www.digitrajni.si/">udeležbi v projektu</a>&nbsp;s primernimi usposabljanji.</li>
<li>Vztrajajte in se držite svoje zaveze do konca projekta.</li>
</ul>
<h4 class="text-h4 mb-4">Poti usposabljanja</h4>
<p>VIZ bo zagotovil sodelovanje vsaj 60 % svojih zaposlenih (vključeni so tudi strokovni delavci ter koordinatorji računalništva in informatike) in odgovorne osebe pri projektu DIGITRAJNI UČITELJ v obsegu najmanj&nbsp;<strong>104 ure (13 dni)</strong>, in sicer:</p>
<ul class="list-disc pl-4 mb-8">
<li>88 ur –&nbsp;<strong>11 dni</strong>&nbsp;– za krepitev digitalnih kompetenc,</li>
<li>8 ur –&nbsp;<strong>1 dan</strong>&nbsp;– za krepitev kompetenc za trajnostni razvoj,</li>
<li>8 ur –&nbsp;<strong>1 dan</strong>&nbsp;– za krepitev finančne pismenosti.</li>
</ul>
<p>13 dni usposabljanja se razporedi na naslednji način:</p>
<ul class="list-disc pl-4">
<li>najmanj 5 dni v letu 2024,</li>
<li>najmanj 5 dni v letu 2025,</li>
<li>najmanj 3 dni v letu 2026.</li>
</ul>
<p class="mb-8">* VIZ-om, ki so pristopili v letu 2023 in so v letu 2023 opravili do 3 dni usposabljanj, smo z aneksi razporedili nerealizirane dneve v leta 2024, 2025 in 2026.</p>
<p>Dnevi se razporedijo tudi&nbsp;<strong>glede na pristop:</strong></p>
<ul class="list-disc pl-4 mb-8">
<li>pristop 1 – 6 dni</li>
<li>pristop 2 – 7 dni</li>
</ul>
<h4 class="text-h4 mb-4">Regionalni koordinatorji</h4>
<p class="mb-8">Vodstvo VIZ-a pridobi informacije pri&nbsp;<strong>regionalnih koordinatorjih na šolskih centrih</strong>. Na podlagi regije vašega VIZ-a kontaktirajte regionalnega koordinatorja.</p>
<p class="uppercase"><strong>Vaš regionalni koordinator</strong></p>
<p><strong>ŠC Ljubljana,</strong>&nbsp;Osrednjeslovenska regija:&nbsp;<span class="text-d-blue"><a href="m&#97;&#105;&#x6c;&#x74;o&#58;&#109;&#x61;&#x6a;&#x61;&#46;&#108;&#101;&#x73;&#x6a;ak&#64;&#x73;&#x63;&#x6c;j&#46;&#115;&#x69;">&#109;&#97;&#x6a;&#x61;&#46;&#108;&#x65;&#x73;&#106;&#97;&#x6b;&#x40;&#115;&#99;&#x6c;&#x6a;&#46;&#115;&#x69;</a>,&nbsp;<span class="whitespace-nowrap">+386 65 563 407</span></span></p>
<p><strong>ŠC Kranj,</strong>&nbsp;Gorenjska, Primorsko-notranjska:&nbsp;<span class="text-d-blue"><a href="&#x6d;&#97;i&#x6c;&#x74;&#111;:&#x64;&#x69;&#103;i&#x74;&#x72;&#97;j&#x6e;&#x69;&#64;s&#x63;&#107;&#114;&#46;&#x73;&#105;">&#x64;&#x69;&#x67;&#x69;&#116;&#114;ajn&#x69;&#x40;&#x73;&#x63;&#107;&#114;&#46;si</a>,&nbsp;<span class="whitespace-nowrap">+386 4 280 40 01</span></span></p>
<p><strong>ŠC Nova Gorica,</strong>&nbsp;Severnoprimorska in Obalno-kraška:&nbsp;<span class="text-d-blue"><a href="&#x6d;&#97;&#x69;&#x6c;&#116;&#x6f;&#58;a&#x6e;&#97;&#46;&#x6c;&#101;n&#x73;&#99;a&#x6b;&#64;&#x73;&#x63;&#110;&#x67;&#x2e;&#115;&#x69;">&#x61;&#x6e;&#x61;&#x2e;&#x6c;&#x65;&#110;&#115;&#99;&#97;k&#64;sc&#x6e;&#x67;&#x2e;&#x73;&#x69;</a>,&nbsp;<span class="whitespace-nowrap">+386 5 620 57 98</span></span></p>
<p><strong>ŠC Novo mesto,</strong>&nbsp;Jugovzhodna Slovenija in Posavska regija:&nbsp;<span class="text-d-blue"><a href="m&#97;&#105;&#x6c;&#x74;o:&#100;&#105;&#x67;&#x69;tr&#97;&#106;&#x6e;&#x69;&#64;s&#99;&#x2d;&#x6e;&#x6d;&#46;&#115;&#105;">&#x64;&#x69;&#x67;&#x69;&#116;&#114;&#97;&#106;ni&#64;&#x73;&#x63;&#x2d;&#x6e;&#x6d;&#46;&#115;&#105;</a>,&nbsp;<span class="whitespace-nowrap">+386 7 393 22 04</span></span></p>
<p><strong>ŠC Celje,</strong>&nbsp;Savinjska (brez Šaleške regije) in Zasavje:&nbsp;<span class="text-d-blue"><a href="&#x6d;&#x61;&#x69;&#x6c;&#x74;&#111;&#58;&#100;&#101;nis&#x2e;&#x6b;&#x61;&#x63;&#x40;&#x73;&#99;&#45;&#99;elj&#x65;&#x2e;&#x73;&#x69;">&#100;&#101;&#x6e;i&#115;&#x2e;&#x6b;a&#99;&#x40;&#x73;c&#45;&#x63;&#x65;l&#106;&#x65;&#x2e;s&#105;</a>,&nbsp;<a href="&#109;&#x61;i&#108;&#x74;o&#58;&#x64;i&#x67;&#x69;&#116;&#x72;a&#106;&#x6e;i&#64;&#x73;c&#x2d;&#x63;&#101;&#x6c;&#x6a;&#101;&#x2e;s&#105;">&#x64;&#105;g&#x69;&#116;r&#x61;&#106;n&#x69;&#64;s&#x63;&#45;c&#x65;&#x6c;j&#x65;&#x2e;&#115;&#x69;</a>,&nbsp;<span class="whitespace-nowrap">+386 3 428 58 26</span></span></p>
<p><strong>ŠC Velenje,</strong>&nbsp;SAŠA regija in Koroška:&nbsp;<span class="text-d-blue"><a href="&#109;&#97;&#x69;&#x6c;&#116;&#111;&#x3a;&#x69;&#103;&#111;&#x72;&#x2e;&#100;&#111;&#x6c;&#x65;&#114;&#64;&#x73;&#x63;&#118;&#46;&#x73;&#x69;">&#105;g&#x6f;r&#x2e;&#100;&#x6f;&#108;&#x65;&#114;&#64;&#x73;c&#x76;&#46;&#x73;&#105;</a>,&nbsp;<a href="&#109;&#x61;i&#108;&#x74;o&#58;&#x64;i&#x67;&#x69;&#116;&#x72;a&#106;&#x6e;i&#64;&#x73;c&#x76;&#x2e;&#115;&#x69;">&#x64;i&#x67;&#105;&#x74;&#114;&#x61;&#x6a;n&#x69;&#64;&#x73;&#99;&#x76;&#46;s&#x69;</a>,&nbsp;<span class="whitespace-nowrap">+386 3 896 82 77</span></span></p>
<p><strong>ŠC Ptuj,</strong>&nbsp;Pomurska, Podravska regija:&nbsp;<span class="text-d-blue"><a href="&#x6d;&#97;i&#x6c;&#116;&#111;&#x3a;&#x6e;&#105;n&#x61;&#46;g&#x65;&#x72;&#115;a&#x6b;&#64;s&#x63;&#x70;&#116;u&#x6a;&#46;s&#x69;">&#x6e;&#x69;&#110;&#97;&#46;&#x67;&#x65;&#x72;&#115;ak&#x40;&#x73;&#99;&#112;t&#x75;&#x6a;&#x2e;&#115;i</a>,&nbsp;<span class="whitespace-nowrap">+386 51 345 219</span></span></p>
<h4 class="text-h4 mb-4">Vloga in naloge svetovalca</h4>
<p class="mb-8">Svetovalec na VIZ-u je strokovni ali vodstveni delavec, ki&nbsp;<strong>razvojnim timom in (vodjem) ravnateljem na drugem VIZ-u svetuje</strong>&nbsp;glede različnih vidikov digitalizacije.</p>
<p>Svetovalec je&nbsp;<strong>podpora pri strategijah VIZ-ov:</strong></p>
<ul class="list-disc pl-4 mb-8">
<li>na področju razvoja digitalnih, trajnostnih in finančnih kompetenc zaposlenih in otrok oz. učencev,</li>
<li>glede vključevanja novih pedagoških in didaktičnih pristopov ter reševanja izzivov na VIZ-u.</li>
</ul>
<p>Druge naloge svetovalca:</p>
<ul class="list-disc pl-4 mb-8">
<li>sodeluje v razvojnem timu VIZ-a kot zunanji sodelavec in izvaja analize potreb VIZ-a ter ocenjuje trenutno stanje na izbranih področjih,</li>
<li>sodeluje pri razvoju strategij, načrtov in programov za izboljšanje digitalne, trajnostne in finančne pismenosti strokovnih in vodstvenih delavcev VIZ-a,</li>
<li>svetuje razvojnim timom VIZ-ov pri izbiri izobraževalnih dogodkov, seminarjev, delavnic in drugih usposabljanj,</li>
<li>spremlja izvedbo svetovanja, implementacijo priporočil drugih deležnikov v projektu (npr. Krovne razvojne skupine) ter izvajanje strategij in načrtov, evalvira učinke svetovanja na delo vodstva in razvojnega tima na VIZ-u ter prilagaja svoje delo glede na rezultate evalvacij,</li>
<li>vzpostavlja in vzdržuje komunikacijsko pot z razvojnim timom ter ga spodbuja in vodi pri gradnji skupnosti v VIZ-u.</li>
</ul>
