{"id":10741,"date":"2020-03-22T13:13:34","date_gmt":"2020-03-22T12:13:34","guid":{"rendered":"http:\/\/ostomaz.splet.arnes.si\/?page_id=10741"},"modified":"2020-03-30T19:56:18","modified_gmt":"2020-03-30T17:56:18","slug":"5-razred-robotika","status":"publish","type":"page","link":"https:\/\/ostomaz.si\/?page_id=10741","title":{"rendered":"5. razred- Robotika"},"content":{"rendered":"<p>Pozdravljeni u\u010denci,<\/p>\n<p>tudi pri\u00a0<strong>Neobveznem izbirnem predmetu ra\u010dunalni\u0161tvo<\/strong>\u00a0bomo delali na daljavo. Program\u00a0<strong>Lego mindstorms\u00a0<\/strong>nam ne bo dostopen, ravno tako robotka nimate doma, zato bom delo organiziral druga\u010de, tako da boste potrebne cilje dosegli na druga\u010den na\u010din.\u00a0imamo na spletu. Delali bomo preko spletne u\u010dilnice. Spletna u\u010dilnica omogo\u010da vstop\u00a0 gosta, tako da se ne rabi\u0161 prijavljati. Komunicirali bomo preko elektronske po\u0161te. Sam si prejel\u00a0 uporabni\u0161ko ime in geslo od Arnesa za elektronsko po\u0161to. \u010ce si ga slu\u010dajno pozabil, mi naj star\u0161i javijo na elektronski naslov\u00a0<a href=\"&#x6d;&#x61;&#x69;&#x6c;&#x74;&#111;&#58;&#100;&#114;ago&#x2e;&#x73;&#x6c;&#x61;&#x76;&#x69;&#110;&#101;&#99;&#64;os&#x74;&#x6f;&#x6d;&#x61;&#x7a;&#x2e;&#115;&#105;\">&#x64;&#x72;&#97;&#103;&#111;&#46;&#x73;&#x6c;&#x61;&#118;&#105;ne&#x63;&#x40;&#x6f;&#115;&#116;o&#x6d;&#x61;&#x7a;&#46;&#115;&#105;<\/a>\u00a0. Predlagam, da delo opravi\u0161 v \u010dasu urnika, to je v petek 0. uro. Takrat bom tudi sam prisoten v spletni u\u010dilnici, ter lahko v forumu zahteva\u0161 pomo\u010d. Pomagal ti bom na daljavo. V spletno u\u010dilnico preide\u0161 tako, da klikne\u0161 na <a href=\"https:\/\/ucilnice.arnes.si\/course\/view.php?id=29914\" target=\"_blank\">Spletna u\u010dilnica<\/a>, ali gre\u0161 na spletni strani \u0161ole na naslovu\u00a0<a href=\"http:\/\/www.ostomaz.si\">www.ostomaz.si\u00a0<\/a>, izbere\u0161 meni\u00a0<strong>\u0160ola na daljavo<\/strong>, izberi meni\u00a0<strong>Neobvezni izbirni predmet ra\u010dunalni\u0161tvo<\/strong>, ter izberi meni <strong>5. razred. V spletno u\u010dilnico se prijavi\u0161 z AAI ra\u010dunom. Ra\u010dun si prejel, ko si re\u0161eval naloge za kolesarski izpit. Sestavljen je iz uporabni\u0161kega imena in gesla. Uporabni\u0161ko ime je sestavljeno iz &#x69;&#109;&#x65;&#x2e;&#112;&#x72;&#105;i&#x6d;&#101;k&#x40;&#111;s&#x74;&#111;m&#x61;&#122;&#x2e;&#x73;&#105; ( za mene &#x64;r&#x61;&#103;&#x6f;&#46;&#x73;&#x6c;a&#x76;&#105;&#x6e;&#101;&#x63;&#64;o&#x73;&#116;&#x6f;&#109;&#x61;&#122;&#46;&#x73;&#105;). Geslo si prejel na listu. \u010ce si slu\u010dajno pozabil, mi pi\u0161i na moj mail.\u00a0<\/strong><\/p>\n<p>U\u010ditelj Drago<\/p>\n","protected":false},"excerpt":{"rendered":"<p>Pozdravljeni u\u010denci, tudi pri\u00a0Neobveznem izbirnem [&hellip;]<\/p>\n","protected":false},"author":735,"featured_media":11931,"parent":0,"menu_order":8,"comment_status":"closed","ping_status":"closed","template":"","meta":{"ngg_post_thumbnail":0,"footnotes":""},"class_list":["post-10741","page","type-page","status-publish","has-post-thumbnail","hentry"],"_links":{"self":[{"href":"https:\/\/ostomaz.si\/index.php?rest_route=\/wp\/v2\/pages\/10741","targetHints":{"allow":["GET"]}}],"collection":[{"href":"https:\/\/ostomaz.si\/index.php?rest_route=\/wp\/v2\/pages"}],"about":[{"href":"https:\/\/ostomaz.si\/index.php?rest_route=\/wp\/v2\/types\/page"}],"author":[{"embeddable":true,"href":"https:\/\/ostomaz.si\/index.php?rest_route=\/wp\/v2\/users\/735"}],"replies":[{"embeddable":true,"href":"https:\/\/ostomaz.si\/index.php?rest_route=%2Fwp%2Fv2%2Fcomments&post=10741"}],"version-history":[{"count":6,"href":"https:\/\/ostomaz.si\/index.php?rest_route=\/wp\/v2\/pages\/10741\/revisions"}],"predecessor-version":[{"id":12201,"href":"https:\/\/ostomaz.si\/index.php?rest_route=\/wp\/v2\/pages\/10741\/revisions\/12201"}],"wp:featuredmedia":[{"embeddable":true,"href":"https:\/\/ostomaz.si\/index.php?rest_route=\/wp\/v2\/media\/11931"}],"wp:attachment":[{"href":"https:\/\/ostomaz.si\/index.php?rest_route=%2Fwp%2Fv2%2Fmedia&parent=10741"}],"curies":[{"name":"wp","href":"https:\/\/api.w.org\/{rel}","templated":true}]}}