{"id":10281,"date":"2020-03-19T07:16:19","date_gmt":"2020-03-19T06:16:19","guid":{"rendered":"http:\/\/ostomaz.splet.arnes.si\/?page_id=10281"},"modified":"2020-11-09T15:17:38","modified_gmt":"2020-11-09T14:17:38","slug":"anglescina","status":"publish","type":"page","link":"https:\/\/ostomaz.si\/?page_id=10281","title":{"rendered":"Angle\u0161\u010dina 4. &#8211; 9. razred"},"content":{"rendered":"<p>Spo\u0161tovani star\u0161i in u\u010denci!.<\/p>\n<p>Pri Angle\u0161\u010dini bomo pri pouku na daljavo uporabljali <a href=\"https:\/\/ucilnice.arnes.si\/course\/index.php?categoryid=2379\">spletne u\u010dilnice, ki so na tej povezavi<\/a>.<\/p>\n<p>Za prijavo va\u0161 u\u010denec potrebuje AAI uporabni\u0161ko ime in geslo, ki so ga dobili pri u\u010ditelju Drago. \u010ce tega nima, mi to sporo\u010dite na: <a href=\"mailto&#58;&#109;&#97;&#116;&#101;&#106;&#97;&#x2e;&#x6d;&#x75;&#x6e;&#x64;&#x61;&#x40;&#x6f;&#x73;&#x74;&#x6f;&#x6d;az&#46;si\">&#109;a&#116;e&#106;a&#x2e;m&#x75;n&#x64;a&#x40;o&#x73;t&#x6f;m&#x61;z&#x2e;s&#x69;\u00a0<\/a><\/p>\n<p>Za SAMOVPIS\u00a0 &#8211; UDELE\u017dENEC potrebuje tudi klju\u010d, ki je za spletno u\u010dilnico Angle\u0161\u010dine: london<\/p>\n<p>Vljudno prosim, da se v spletne u\u010dilnice vpi\u0161ejo le u\u010denci O\u0160 Sveti Toma\u017e za potrebe pouka na daljavo.<\/p>\n<p>&nbsp;<\/p>\n<p>Najprej pa preberite obvestila v Forumu, kjer najdete nekaj osnovnih navodil in napotkov za delo.<\/p>\n<p>&nbsp;<\/p>\n<p>Verjamem, da nam bo skupaj uspelo!<\/p>\n<p>U\u010diteljica Mateja Munda<\/p>\n<p>&nbsp;<\/p>\n<p>&nbsp;<\/p>\n","protected":false},"excerpt":{"rendered":"<p>Spo\u0161tovani star\u0161i in u\u010denci!. Pri [&hellip;]<\/p>\n","protected":false},"author":735,"featured_media":10419,"parent":0,"menu_order":10,"comment_status":"closed","ping_status":"closed","template":"","meta":{"ngg_post_thumbnail":0,"footnotes":""},"class_list":["post-10281","page","type-page","status-publish","has-post-thumbnail","hentry"],"_links":{"self":[{"href":"https:\/\/ostomaz.si\/index.php?rest_route=\/wp\/v2\/pages\/10281","targetHints":{"allow":["GET"]}}],"collection":[{"href":"https:\/\/ostomaz.si\/index.php?rest_route=\/wp\/v2\/pages"}],"about":[{"href":"https:\/\/ostomaz.si\/index.php?rest_route=\/wp\/v2\/types\/page"}],"author":[{"embeddable":true,"href":"https:\/\/ostomaz.si\/index.php?rest_route=\/wp\/v2\/users\/735"}],"replies":[{"embeddable":true,"href":"https:\/\/ostomaz.si\/index.php?rest_route=%2Fwp%2Fv2%2Fcomments&post=10281"}],"version-history":[{"count":4,"href":"https:\/\/ostomaz.si\/index.php?rest_route=\/wp\/v2\/pages\/10281\/revisions"}],"predecessor-version":[{"id":15167,"href":"https:\/\/ostomaz.si\/index.php?rest_route=\/wp\/v2\/pages\/10281\/revisions\/15167"}],"wp:featuredmedia":[{"embeddable":true,"href":"https:\/\/ostomaz.si\/index.php?rest_route=\/wp\/v2\/media\/10419"}],"wp:attachment":[{"href":"https:\/\/ostomaz.si\/index.php?rest_route=%2Fwp%2Fv2%2Fmedia&parent=10281"}],"curies":[{"name":"wp","href":"https:\/\/api.w.org\/{rel}","templated":true}]}}